 -6*p + 4*v + 412 = -2*p. Let o = -220 - -246. What is the greatest common factor of o and p?
26
Suppose -18172 = -106*w - 206*w + 36740. Calculate the highest common divisor of w and 242.
22
Suppose -22*p + 1642 = -1496 + 850. Suppose -3*h = -4*d - 104, -5*h + 173 = 3*d + 19. Let o = -6 + h. What is the greatest common factor of o and p?
26
Suppose -26*h + 186 = 5*h. Suppose 9*s - g - 1189 = h*s, g = -1. What is the greatest common factor of s and 33?
33
Suppose -6 = -2*f, y - 54*f = -53*f + 5079. What is the highest common divisor of y and 42?
42
Let t(k) = k**3 + k**2 + 6*k + 8. Let p be t(0). Suppose -5*l + 2*l + 720 = 0. What is the highest common divisor of l and p?
8
Let v(u) = -44*u + 27*u**2 + 3*u**3 + 2*u**3 - 4*u**3 - 6 + 9 - 7*u**2. Let h be v(-21). Calculate the greatest common factor of 108 and h.
54
Suppose -240 = 4*n - 135 - 1005. What is the greatest common factor of n and 9?
9
Let v = 2327 + -1986. Calculate the greatest common divisor of v and 11.
11
Let j be 6/1 - (-4)/(-2). Let b be 2 + (-10)/4 + (-392)/16. Let a be 24*(-2 + b/(-10)). Calculate the greatest common factor of j and a.
4
Let y(f) be the first derivative of 26 + 33/2*f**2 - 6*f. Let i be y(1). What is the highest common factor of 3 and i?
3
Let m(q) = -159*q + 10236. Let o be m(64). Calculate the highest common divisor of o and 8340.
60
Let d be -7 - (-2 + 6/(-6)). Let v be 38 + 3 + (-4)/(d/1). What is the highest common divisor of v and 336?
42
Suppose 8913 + 1713 = 7*f. Calculate the highest common divisor of 66 and f.
66
Suppose -b - o + 45 = 0, 5*b + 4*o + 98 = 320. Calculate the greatest common divisor of 1316 and b.
14
Let y = 234 - 230. Suppose -108 = -3*i + f - 65, 24 = 2*i + y*f. What is the highest common divisor of 35 and i?
7
Suppose -r - 24 = 3*w, 2*w - 69 = 5*r - 0*r. Let f = 17 + r. Let u be (-2)/(5/(-55)*f). What is the greatest common divisor of u and 44?
11
Let i be 49*((-120)/(-14))/15. What is the highest common divisor of i and 434?
14
Suppose 4*k + 2*y - 2954 = 4*y, 0 = -3*k - y + 2223. Calculate the greatest common factor of k and 300.
20
Let g(u) = -u + 8. Let l(f) = -f - 6. Let j(m) = 4*g(m) + 5*l(m). Let r be j(-6). Let c = 99 - 15. Calculate the greatest common divisor of r and c.
28
Suppose -25*v + 352 = -9*v. Suppose -7*q + v*q = 4185. What is the greatest common factor of 31 and q?
31
Suppose -385 = -i - 10*i. Suppose -i = 4*v - 39. Suppose 0 = -m + v + 8. What is the greatest common divisor of m and 27?
9
Let j = 592 - 522. Calculate the greatest common divisor of j and 120.
10
Let r = -9248 + 10760. Calculate the highest common divisor of r and 4.
4
Let r(g) = -5*g - 10. Let j be r(-7). Suppose 2*f + j = 223. Let o be -5 + -5 + 7 + 2*6. Calculate the highest common factor of o and f.
9
Let o(c) = -81*c - 3897. Let i be o(-62). Calculate the highest common factor of i and 100.
25
Suppose 3*k - 4*y = 588, 2*k = -y + 6 + 375. Let w = 19 - 17. Let c = 26 - w. What is the highest common factor of c and k?
24
Let g(h) = 1 + 22*h**2 + 44*h**3 - 38*h - 4 - 45*h**3. Let w be g(20). Calculate the greatest common divisor of w and 111.
37
Let m(u) = -10*u - 1. Let i be m(-5). Let s = 60155 + -60141. What is the highest common divisor of s and i?
7
Suppose 5*p + 4*m - 5 = 0, -2*p - m = 3*m + 10. Suppose o = -0 - 4, 3*w = p*o + 1160. Calculate the highest common factor of 40 and w.
20
Let n = 7300 + -7296. Let w = 76 + -44. Calculate the greatest common divisor of n and w.
4
Suppose v = -9*v + 400. Suppose 2*t + v = 178. Let c = t - 61. What is the highest common divisor of c and 2?
2
Let o(h) = 3*h**2 - 8*h + 2. Let s(p) = -p + 14. Let r be s(6). Suppose -3*u - 15 = -r*u. Let y be o(u). Calculate the greatest common factor of 1 and y.
1
Let r(i) = 17*i**2 + 13*i - 12. Let h be r(3). Let a be (44/8 + -2)/(2/h). What is the greatest common divisor of 90 and a?
45
Let o = 6 + -16. Let n be (-6416)/(-64) - o/(-8). Let y = -87 + n. Calculate the highest common factor of y and 84.
12
Let i(k) = k**2 - 11*k + 25. Let l be (-8)/(-6) + (805/(-21))/(-5). Let d be i(l). What is the highest common divisor of 21 and d?
7
Let a be 584/40 - (-6)/(-10). Suppose 4 = -a*c + 15*c. What is the greatest common divisor of c and 22?
2
Suppose 5*x - 3*j - 115917 = 0, 2*j - 58293 = -4*x + 34467. Calculate the highest common factor of 354 and x.
177
Let u(s) = -22*s + 20 - 18*s + 86 - 13 + 34*s. Let v be u(6). Calculate the highest common divisor of 3 and v.
3
Suppose -3*z = -6, -4*z = 5*v + z - 130. Suppose 4*w - 84 + v = 0. Let k be (4 + -5)*w*-1. Calculate the greatest common divisor of 9 and k.
3
Let a be 121*((-4 - -11) + 2 + -5). Calculate the greatest common divisor of 14 and a.
2
Suppose -7*f + 282 = -1104. Let r = f - 18. Suppose -4*w + w + r = 0. Calculate the greatest common factor of 15 and w.
15
Let w be (-1 - (268 + 1))/(21/(-14)). What is the greatest common factor of w and 11790?
90
Let z be (-6)/((-4)/(-14) - (-41)/(-70)). Suppose -2*k + 26 = 2*v, 2*v + k = 11 + z. Suppose 2 = 2*n - 2. Calculate the greatest common divisor of v and n.
2
Let p = -3255 - -3275. Calculate the highest common divisor of 160 and p.
20
Suppose -4*w - 8*a + 9*a = -20, -16 = 4*a. Suppose -9*p - 2*f + 210 = -w*p, 168 = 4*p + 3*f. Calculate the greatest common divisor of 72 and p.
6
Suppose 65 + 79 = 3*d. Suppose -d + 8 = -n. Suppose -5*v + n = -0. Calculate the highest common divisor of v and 4.
4
Let i = 560 + -584. Let h be (1 - -447)*(66/i - -4). What is the greatest common factor of 70 and h?
70
Let k(v) = -50*v + 2. Let x be k(-1). Suppose -5*p + 18 + x = 0. Calculate the greatest common divisor of p and 266.
14
Let i be ((-1548)/215)/((-2)/65). Suppose -i*v = -230*v - 188. Calculate the highest common divisor of v and 141.
47
Let t be (-4)/(-12) - (14/6 + 2). Let h be ((-12)/(-8) - -1)/(2/t). Let z be 18/(-45) - 772/h. Calculate the highest common factor of 22 and z.
22
Suppose -47*l + 6 = -44*l. Suppose 0*i + l*f + 14 = i, -42 = -4*i + f. Calculate the greatest common factor of 30 and i.
10
Let s be ((4 - -7) + -15 + 592/(-6))*-3. What is the greatest common factor of 1628 and s?
44
Let q = 696 - 387. Let i = 314 - q. What is the greatest common factor of 65 and i?
5
Let b(a) = a**3 - 24*a**2 + 61*a - 2123. Let k be b(25). Suppose 3*u = -2*u + 855. Calculate the highest common factor of k and u.
9
Suppose -427*l + 2452 = 186*l. Let u(w) = 3*w. Let k(b) = b + 8. Let g be k(-6). Let c be u(g). Calculate the highest common divisor of l and c.
2
Let r(a) = a**3 - 6*a**2 + 8*a + 5. Let b be r(6). Let w = -26 + b. Suppose -w = -6*d + 9. What is the greatest common factor of d and 4?
2
Let x = 446 + -450. Let p(d) = 7*d**2 + 11*d - 2. Let k be p(x). Calculate the greatest common factor of k and 44.
22
Let x(o) = o**3 - 27*o**2. Let n be x(27). Suppose n = 13*w - 208 - 572. Let u = 2 + 8. Calculate the highest common divisor of w and u.
10
Suppose 5*y = 407 + 843. Let n = 186 - 176. What is the greatest common divisor of y and n?
10
Suppose -1411 = -5610*u + 5609*u. Calculate the highest common divisor of u and 83.
83
Let v = -8 - -36. Suppose -348 - 1216 = -17*n. What is the greatest common divisor of v and n?
4
Let j be (61 + -9)*5 - -1*8. Calculate the greatest common factor of j and 469.
67
Let s(n) = 6*n**3 - 2*n**2. Let d be s(3). Let b = -49 - -371. Let y = b - 226. Calculate the highest common divisor of d and y.
48
Suppose -9739 - 6472 = -29*p. Suppose 2*b + 2*r - 16 = 0, r = 5*r + 20. What is the highest common divisor of p and b?
13
Suppose 3*q + 74 + 192 = d, q = -2*d + 560. Suppose -2*h = 4*z - 86 - d, -2*z = -h - 178. What is the highest common factor of z and 54?
18
Let c(q) = -q**3 + 17*q**2 - 46*q - 30. Let x be c(13). What is the highest common factor of x and 2964?
12
Suppose 7*i = 12*i + 600. Let f = i - -372. Suppose f = 5*h - 2*h. What is the greatest common factor of h and 21?
21
Let r(j) = -1 + 24*j - 5 - 48. Let b be r(4). What is the greatest common factor of 28 and b?
14
Suppose 1218*t + 103 = s + 1222*t, 4*s + t = 457. Calculate the greatest common divisor of s and 32890.
115
Suppose 0 = -2*z + 3*s + 33, -5*z + 20*s + 69 = 17*s. Calculate the greatest common factor of z and 492.
12
Suppose -2*s + 7*s + 3*k - 9813 = 0, -5*k + 3910 = 2*s. Calculat